{"id":42,"date":"2015-04-13T10:40:53","date_gmt":"2015-04-13T08:40:53","guid":{"rendered":"http:\/\/owogs.bs.katowice.pl\/?page_id=42"},"modified":"2015-06-26T07:27:57","modified_gmt":"2015-06-26T05:27:57","slug":"kontakt","status":"publish","type":"page","link":"https:\/\/owogs.bs.katowice.pl\/?page_id=42","title":{"rendered":"Kontakt"},"content":{"rendered":"<div class=\"fcbkbttn_buttons_block\" id=\"fcbkbttn_left\"><div class=\"fcbkbttn_button\">\n\t\t\t\t\t<a href=\"https:\/\/www.facebook.com\/1646254928942857\" target=\"_blank\">\n\t\t\t\t\t\t<img decoding=\"async\" src=\"https:\/\/owogs.bs.katowice.pl\/wp-content\/plugins\/facebook-button-plugin\/images\/standard-facebook-ico.png\" alt=\"Fb-Button\" \/>\n\t\t\t\t\t<\/a>\n\t\t\t\t<\/div><div class=\"fcbkbttn_like \"><fb:like href=\"https:\/\/owogs.bs.katowice.pl\/?page_id=42\" action=\"like\" colorscheme=\"light\" layout=\"button_count\"  size=\"small\"><\/fb:like><\/div><div class=\"fb-share-button  \" data-href=\"https:\/\/owogs.bs.katowice.pl\/?page_id=42\" data-type=\"button_count\" data-size=\"small\"><\/div><\/div><p>e-mail Olimpiady: slaskaolimpiada@gmail.com<\/p>\n<p>oficjalny profil na <a href=\"https:\/\/www.facebook.com\/pages\/Olimpiada-Wiedzy-o-G%C3%B3rnym-%C5%9Al%C4%85sku\/1646254928942857\">Facebooku<\/a><\/p>\n<p>&nbsp;<\/p>\n<p><strong>Zwi\u0105zek G\u00f3rno\u015bl\u0105ski<\/strong><\/p>\n<p>Paw\u0142a Stalmacha 17<br \/>\n40-058 Katowice<\/p>\n<p>&nbsp;<\/p>\n<p><strong>Instytut Bada\u0144 Regionalnych Biblioteki \u015al\u0105skiej<\/strong><\/p>\n<p>Ligonia 7<br \/>\n40-036 Katowice<\/p>\n<p>Godziny pracy: poniedzia\u0142ek\u2013pi\u0105tek: 7.00\u201315.00<\/p>\n","protected":false},"excerpt":{"rendered":"<p>e-mail Olimpiady: slaskaolimpiada@gmail.com oficjalny profil na Facebooku &nbsp; Zwi\u0105zek G\u00f3rno\u015bl\u0105ski Paw\u0142a Stalmacha 17 40-058 Katowice &nbsp; Instytut Bada\u0144 Regionalnych Biblioteki \u015al\u0105skiej Ligonia 7 40-036 Katowice Godziny pracy: poniedzia\u0142ek\u2013pi\u0105tek: 7.00\u201315.00<\/p>\n","protected":false},"author":1,"featured_media":0,"parent":0,"menu_order":7,"comment_status":"open","ping_status":"open","template":"","meta":{"footnotes":""},"class_list":["post-42","page","type-page","status-publish","hentry"],"_links":{"self":[{"href":"https:\/\/owogs.bs.katowice.pl\/index.php?rest_route=\/wp\/v2\/pages\/42","targetHints":{"allow":["GET"]}}],"collection":[{"href":"https:\/\/owogs.bs.katowice.pl\/index.php?rest_route=\/wp\/v2\/pages"}],"about":[{"href":"https:\/\/owogs.bs.katowice.pl\/index.php?rest_route=\/wp\/v2\/types\/page"}],"author":[{"embeddable":true,"href":"https:\/\/owogs.bs.katowice.pl\/index.php?rest_route=\/wp\/v2\/users\/1"}],"replies":[{"embeddable":true,"href":"https:\/\/owogs.bs.katowice.pl\/index.php?rest_route=%2Fwp%2Fv2%2Fcomments&post=42"}],"version-history":[{"count":3,"href":"https:\/\/owogs.bs.katowice.pl\/index.php?rest_route=\/wp\/v2\/pages\/42\/revisions"}],"predecessor-version":[{"id":302,"href":"https:\/\/owogs.bs.katowice.pl\/index.php?rest_route=\/wp\/v2\/pages\/42\/revisions\/302"}],"wp:attachment":[{"href":"https:\/\/owogs.bs.katowice.pl\/index.php?rest_route=%2Fwp%2Fv2%2Fmedia&parent=42"}],"curies":[{"name":"wp","href":"https:\/\/api.w.org\/{rel}","templated":true}]}}